{"id":33517,"date":"2026-04-30T07:00:35","date_gmt":"2026-04-30T05:00:35","guid":{"rendered":"https:\/\/www.tourisme-paysdelaon.com\/agenda\/escape-game-a-bouconville-vauclair-des-yeux-dans-la-nuit\/"},"modified":"2026-04-30T07:00:42","modified_gmt":"2026-04-30T05:00:42","slug":"escape-game-a-bouconville-vauclair-des-yeux-dans-la-nuit","status":"publish","type":"event","link":"https:\/\/www.tourisme-paysdelaon.com\/de\/agenda\/escape-game-a-bouconville-vauclair-des-yeux-dans-la-nuit\/","title":{"rendered":"Escape game \u00e0 Bouconville-Vauclair : &#8222;Des yeux dans la nuit&#8220;"},"content":{"rendered":"<p>Es ist sp\u00e4t, sehr sp\u00e4t, und doch ist die Nacht nicht ruhig. Lichter flackern, blenden und blenden, halten einige vom Leben und andere vom Schlafen ab. Nach vielen unruhigen N\u00e4chten sind alle gereizt und stehen kurz vor einem Krieg! K\u00f6nnen Sie ihn verhindern?<\/p>\n<p>Eine vom CPIE des Pays de l&#8217;Aisne organisierte Animation&#8230;<\/p>\n<p>Treffpunkt: Pavillon de Vauclair um 17 Uhr (Dauer: 2 Stunden \/ ab 12 Jahren in Begleitung eines Erwachsenen \/ Reservierung erforderlich)&#8230;<\/p>\n","protected":false},"excerpt":{"rendered":"<p>Es ist sp\u00e4t, sehr sp\u00e4t, und doch ist die Nacht nicht ruhig. Lichter flackern, blenden&#8230;<\/p>\n","protected":false},"author":0,"featured_media":33426,"menu_order":0,"template":"","event_theme":[],"place":[1358],"class_list":["post-33517","event","type-event","status-publish","has-post-thumbnail","hentry","place-chemin-des-dames-4"],"acf":[],"_links":{"self":[{"href":"https:\/\/www.tourisme-paysdelaon.com\/de\/wp-json\/wp\/v2\/event\/33517","targetHints":{"allow":["GET"]}}],"collection":[{"href":"https:\/\/www.tourisme-paysdelaon.com\/de\/wp-json\/wp\/v2\/event"}],"about":[{"href":"https:\/\/www.tourisme-paysdelaon.com\/de\/wp-json\/wp\/v2\/types\/event"}],"version-history":[{"count":1,"href":"https:\/\/www.tourisme-paysdelaon.com\/de\/wp-json\/wp\/v2\/event\/33517\/revisions"}],"predecessor-version":[{"id":34312,"href":"https:\/\/www.tourisme-paysdelaon.com\/de\/wp-json\/wp\/v2\/event\/33517\/revisions\/34312"}],"wp:featuredmedia":[{"embeddable":true,"href":"https:\/\/www.tourisme-paysdelaon.com\/de\/wp-json\/wp\/v2\/media\/33426"}],"wp:attachment":[{"href":"https:\/\/www.tourisme-paysdelaon.com\/de\/wp-json\/wp\/v2\/media?parent=33517"}],"wp:term":[{"taxonomy":"event_theme","embeddable":true,"href":"https:\/\/www.tourisme-paysdelaon.com\/de\/wp-json\/wp\/v2\/event_theme?post=33517"},{"taxonomy":"place","embeddable":true,"href":"https:\/\/www.tourisme-paysdelaon.com\/de\/wp-json\/wp\/v2\/place?post=33517"}],"curies":[{"name":"wp","href":"https:\/\/api.w.org\/{rel}","templated":true}]}}

Escape game à Bouconville-Vauclair : &#8222;Des yeux dans la nuit&#8220;

<p>Es ist spät, sehr spät, und doch ist die Nacht nicht ruhig. Lichter flackern, blenden und blenden, halten einige vom Leben und andere vom Schlafen ab. Nach vielen unruhigen Nächten sind alle gereizt und stehen kurz vor einem Krieg! Können Sie ihn verhindern?</p>
<p>Eine vom CPIE des Pays de l&#8217;Aisne organisierte Animation&#8230;</p>
<p>Treffpunkt: Pavillon de Vauclair um 17 Uhr (Dauer: 2 Stunden / ab 12 Jahren in Begleitung eines Erwachsenen / Reservierung erforderlich)&#8230;</p>

<p>Es ist spät, sehr spät, und doch ist die Nacht nicht ruhig. Lichter flackern, blenden&#8230;</p>
