{"id":35471,"date":"2026-04-27T07:00:48","date_gmt":"2026-04-27T05:00:48","guid":{"rendered":"https:\/\/www.tourisme-paysdelaon.com\/agenda\/championnat-de-france-hansa-a-chamouille\/"},"modified":"2026-04-27T07:00:48","modified_gmt":"2026-04-27T05:00:48","slug":"championnat-de-france-hansa-a-chamouille","status":"publish","type":"event","link":"https:\/\/www.tourisme-paysdelaon.com\/de\/agenda\/championnat-de-france-hansa-a-chamouille\/","title":{"rendered":"Championnat de France Hansa \u00e0 Chamouille"},"content":{"rendered":"<p>Der Lac de l&#8217;Ailette wird der bevorzugte Rahmen f\u00fcr die Austragung dieser franz\u00f6sischen Meisterschaft im Doppel- und Einhandsegeln f\u00fcr Behinderte sein!<\/p>\n<p>Ausschreibung und Anmeldung \u00fcber urlr.me\/eQgx7N<\/p>\n","protected":false},"excerpt":{"rendered":"<p>Der Lac de l&#8217;Ailette wird der bevorzugte Rahmen f\u00fcr die Austragung dieser franz\u00f6sischen Meisterschaft im&#8230;<\/p>\n","protected":false},"author":0,"featured_media":35422,"menu_order":0,"template":"","event_theme":[1382],"place":[1358],"class_list":["post-35471","event","type-event","status-publish","has-post-thumbnail","hentry","event_theme-einfuhrung-sportfest","place-chemin-des-dames-4"],"acf":[],"_links":{"self":[{"href":"https:\/\/www.tourisme-paysdelaon.com\/de\/wp-json\/wp\/v2\/event\/35471","targetHints":{"allow":["GET"]}}],"collection":[{"href":"https:\/\/www.tourisme-paysdelaon.com\/de\/wp-json\/wp\/v2\/event"}],"about":[{"href":"https:\/\/www.tourisme-paysdelaon.com\/de\/wp-json\/wp\/v2\/types\/event"}],"version-history":[{"count":1,"href":"https:\/\/www.tourisme-paysdelaon.com\/de\/wp-json\/wp\/v2\/event\/35471\/revisions"}],"predecessor-version":[{"id":35743,"href":"https:\/\/www.tourisme-paysdelaon.com\/de\/wp-json\/wp\/v2\/event\/35471\/revisions\/35743"}],"wp:featuredmedia":[{"embeddable":true,"href":"https:\/\/www.tourisme-paysdelaon.com\/de\/wp-json\/wp\/v2\/media\/35422"}],"wp:attachment":[{"href":"https:\/\/www.tourisme-paysdelaon.com\/de\/wp-json\/wp\/v2\/media?parent=35471"}],"wp:term":[{"taxonomy":"event_theme","embeddable":true,"href":"https:\/\/www.tourisme-paysdelaon.com\/de\/wp-json\/wp\/v2\/event_theme?post=35471"},{"taxonomy":"place","embeddable":true,"href":"https:\/\/www.tourisme-paysdelaon.com\/de\/wp-json\/wp\/v2\/place?post=35471"}],"curies":[{"name":"wp","href":"https:\/\/api.w.org\/{rel}","templated":true}]}}

Championnat de France Hansa à Chamouille

<p>Der Lac de l&#8217;Ailette wird der bevorzugte Rahmen für die Austragung dieser französischen Meisterschaft im Doppel- und Einhandsegeln für Behinderte sein!</p>
<p>Ausschreibung und Anmeldung über urlr.me/eQgx7N</p>

<p>Der Lac de l&#8217;Ailette wird der bevorzugte Rahmen für die Austragung dieser französischen Meisterschaft im&#8230;</p>
