{"id":35632,"date":"2026-04-30T07:00:56","date_gmt":"2026-04-30T05:00:56","guid":{"rendered":"https:\/\/www.tourisme-paysdelaon.com\/agenda\/course-cycliste-a-laon-4-jours-de-dunkerque\/"},"modified":"2026-04-30T07:01:08","modified_gmt":"2026-04-30T05:01:08","slug":"course-cycliste-a-laon-4-jours-de-dunkerque","status":"publish","type":"event","link":"https:\/\/www.tourisme-paysdelaon.com\/de\/agenda\/course-cycliste-a-laon-4-jours-de-dunkerque\/","title":{"rendered":"Course cycliste \u00e0 Laon : &#8222;4 jours de Dunkerque&#8220;"},"content":{"rendered":"<p>Der 4 Tage von D\u00fcnkirchen Grand Prix des Hauts de France ist ein 6-t\u00e4giges Radrennen \u00fcber 1100 Kilometer auf den Stra\u00dfen der Region.<br \/>\nDer ber\u00fchmte Klassiker Dunkerque Hauts-de-France wird auf seiner ersten Etappe in Laon Station machen und die Radfahrer durch die Ober- und Unterstadt f\u00fchren!<\/p>\n","protected":false},"excerpt":{"rendered":"<p>Der 4 Tage von D\u00fcnkirchen Grand Prix des Hauts de France ist ein 6-t\u00e4giges Radrennen&#8230;<\/p>\n","protected":false},"author":0,"featured_media":35511,"menu_order":0,"template":"","event_theme":[1382,1280],"place":[1357],"class_list":["post-35632","event","type-event","status-publish","has-post-thumbnail","hentry","event_theme-einfuhrung-sportfest","event_theme-freizeit-und-entspannung","place-cite-medievale-de-laon-5"],"acf":[],"_links":{"self":[{"href":"https:\/\/www.tourisme-paysdelaon.com\/de\/wp-json\/wp\/v2\/event\/35632","targetHints":{"allow":["GET"]}}],"collection":[{"href":"https:\/\/www.tourisme-paysdelaon.com\/de\/wp-json\/wp\/v2\/event"}],"about":[{"href":"https:\/\/www.tourisme-paysdelaon.com\/de\/wp-json\/wp\/v2\/types\/event"}],"version-history":[{"count":1,"href":"https:\/\/www.tourisme-paysdelaon.com\/de\/wp-json\/wp\/v2\/event\/35632\/revisions"}],"predecessor-version":[{"id":35749,"href":"https:\/\/www.tourisme-paysdelaon.com\/de\/wp-json\/wp\/v2\/event\/35632\/revisions\/35749"}],"wp:featuredmedia":[{"embeddable":true,"href":"https:\/\/www.tourisme-paysdelaon.com\/de\/wp-json\/wp\/v2\/media\/35511"}],"wp:attachment":[{"href":"https:\/\/www.tourisme-paysdelaon.com\/de\/wp-json\/wp\/v2\/media?parent=35632"}],"wp:term":[{"taxonomy":"event_theme","embeddable":true,"href":"https:\/\/www.tourisme-paysdelaon.com\/de\/wp-json\/wp\/v2\/event_theme?post=35632"},{"taxonomy":"place","embeddable":true,"href":"https:\/\/www.tourisme-paysdelaon.com\/de\/wp-json\/wp\/v2\/place?post=35632"}],"curies":[{"name":"wp","href":"https:\/\/api.w.org\/{rel}","templated":true}]}}

Course cycliste à Laon : &#8222;4 jours de Dunkerque&#8220;

<p>Der 4 Tage von Dünkirchen Grand Prix des Hauts de France ist ein 6-tägiges Radrennen über 1100 Kilometer auf den Straßen der Region.<br />
Der berühmte Klassiker Dunkerque Hauts-de-France wird auf seiner ersten Etappe in Laon Station machen und die Radfahrer durch die Ober- und Unterstadt führen!</p>

<p>Der 4 Tage von Dünkirchen Grand Prix des Hauts de France ist ein 6-tägiges Radrennen&#8230;</p>
