{"id":35754,"date":"2026-04-30T07:01:09","date_gmt":"2026-04-30T05:01:09","guid":{"rendered":"https:\/\/www.tourisme-paysdelaon.com\/agenda\/conference-historique-a-laon-suzanne-beck-mes-carnets-de-loccupation-1914-1918\/"},"modified":"2026-04-30T07:01:11","modified_gmt":"2026-04-30T05:01:11","slug":"conference-historique-a-laon-suzanne-beck-mes-carnets-de-loccupation-1914-1918","status":"publish","type":"event","link":"https:\/\/www.tourisme-paysdelaon.com\/de\/agenda\/conference-historique-a-laon-suzanne-beck-mes-carnets-de-loccupation-1914-1918\/","title":{"rendered":"Conf\u00e9rence historique \u00e0 Laon : &#8222;Suzanne Beck : Mes Carnets de l\u2019Occupation (1914-1918)&#8220;"},"content":{"rendered":"<p>Mit ihren Tageb\u00fcchern l\u00e4sst uns Suzanne Beck, eine Bewohnerin von Cr\u00e9cy-sur-Serre, an ihrem Alltag in einem erstickenden Kontext von Entbehrungen, Kr\u00e4nkungen und Brutalit\u00e4t teilhaben. Diese Schriften haben eine Seele und erm\u00f6glichen es, eine verborgene Seite des Ersten Weltkriegs zu entdecken: den Krieg der unbewaffneten Zivilisten gegen einen unerbittlichen Besatzer.<br \/>\nEine Konferenz unter der Leitung von Jean-Marc Philips?<\/p>\n<p>Wir treffen uns um 18 Uhr im Archives d\u00e9partementales de l&#8217;Aisne!<\/p>\n","protected":false},"excerpt":{"rendered":"<p>Mit ihren Tageb\u00fcchern l\u00e4sst uns Suzanne Beck, eine Bewohnerin von Cr\u00e9cy-sur-Serre, an ihrem Alltag in&#8230;<\/p>\n","protected":false},"author":0,"featured_media":35686,"menu_order":0,"template":"","event_theme":[1316],"place":[1360],"class_list":["post-35754","event","type-event","status-publish","has-post-thumbnail","hentry","event_theme-kongress-konferenz","place-ville-basse-de-laon-4"],"acf":[],"_links":{"self":[{"href":"https:\/\/www.tourisme-paysdelaon.com\/de\/wp-json\/wp\/v2\/event\/35754","targetHints":{"allow":["GET"]}}],"collection":[{"href":"https:\/\/www.tourisme-paysdelaon.com\/de\/wp-json\/wp\/v2\/event"}],"about":[{"href":"https:\/\/www.tourisme-paysdelaon.com\/de\/wp-json\/wp\/v2\/types\/event"}],"version-history":[{"count":1,"href":"https:\/\/www.tourisme-paysdelaon.com\/de\/wp-json\/wp\/v2\/event\/35754\/revisions"}],"predecessor-version":[{"id":35899,"href":"https:\/\/www.tourisme-paysdelaon.com\/de\/wp-json\/wp\/v2\/event\/35754\/revisions\/35899"}],"wp:featuredmedia":[{"embeddable":true,"href":"https:\/\/www.tourisme-paysdelaon.com\/de\/wp-json\/wp\/v2\/media\/35686"}],"wp:attachment":[{"href":"https:\/\/www.tourisme-paysdelaon.com\/de\/wp-json\/wp\/v2\/media?parent=35754"}],"wp:term":[{"taxonomy":"event_theme","embeddable":true,"href":"https:\/\/www.tourisme-paysdelaon.com\/de\/wp-json\/wp\/v2\/event_theme?post=35754"},{"taxonomy":"place","embeddable":true,"href":"https:\/\/www.tourisme-paysdelaon.com\/de\/wp-json\/wp\/v2\/place?post=35754"}],"curies":[{"name":"wp","href":"https:\/\/api.w.org\/{rel}","templated":true}]}}

Conférence historique à Laon : &#8222;Suzanne Beck : Mes Carnets de l’Occupation (1914-1918)&#8220;

<p>Mit ihren Tagebüchern lässt uns Suzanne Beck, eine Bewohnerin von Crécy-sur-Serre, an ihrem Alltag in einem erstickenden Kontext von Entbehrungen, Kränkungen und Brutalität teilhaben. Diese Schriften haben eine Seele und ermöglichen es, eine verborgene Seite des Ersten Weltkriegs zu entdecken: den Krieg der unbewaffneten Zivilisten gegen einen unerbittlichen Besatzer.<br />
Eine Konferenz unter der Leitung von Jean-Marc Philips?</p>
<p>Wir treffen uns um 18 Uhr im Archives départementales de l&#8217;Aisne!</p>

<p>Mit ihren Tagebüchern lässt uns Suzanne Beck, eine Bewohnerin von Crécy-sur-Serre, an ihrem Alltag in&#8230;</p>
