{"id":4879,"date":"2026-03-27T03:50:08","date_gmt":"2026-03-27T02:50:08","guid":{"rendered":"https:\/\/www.tourisme-paysdelaon.com\/fiche-tourisme\/musee-de-lecole-publique-de-chevregny\/"},"modified":"2026-03-27T03:50:08","modified_gmt":"2026-03-27T02:50:08","slug":"musee-de-lecole-publique-de-chevregny","status":"publish","type":"tourinsoft","link":"https:\/\/www.tourisme-paysdelaon.com\/nl\/fiche-tourisme\/musee-de-lecole-publique-de-chevregny\/","title":{"rendered":"Mus\u00e9e de l&#8217;\u00e9cole publique de Chevregny"},"content":{"rendered":"<p>Cr\u00e9\u00e9 en 1982, le mus\u00e9e de l&#8217;\u00e9cole publique propose \u00e0 ses visiteurs de revivre l&#8217;\u00e9cole telle qu&#8217;elle \u00e9tait au d\u00e9but du XXe si\u00e8cle. Une salle de classe est reconstitu\u00e9e avec son tableau noir et ses grandes cartes g\u00e9ographiques de l&#8217;\u00e9poque, ses livres, ses pupitres en bois dot\u00e9s d&#8217;encriers dans lesquels les \u00e9l\u00e8ves trempaient consciencieusement leur plume&#8230; Des animations audiovisuelles t\u00e9moignent de l&#8217;atmosph\u00e8re qui r\u00e9gnait alors. La visite du mus\u00e9e ne s&#8217;arr\u00eate pas l\u00e0, une salle regorgeant de petits tr\u00e9sors vous permettra de d\u00e9couvrir les particularit\u00e9s des ma\u00eetres de la R\u00e9publique, l&#8217;enseignement moral et civique, ses outils, ses photographies et reproductions d&#8217;\u00e9poque&#8230; RV donc chaque dimanche (entre avril et octobre) de 15h \u00e0 17h !<\/p>\n","protected":false},"excerpt":{"rendered":"<p>Cr\u00e9\u00e9 en 1982, le mus\u00e9e de l&#8217;\u00e9cole publique propose \u00e0 ses visiteurs de revivre l&#8217;\u00e9cole&#8230;<\/p>\n","protected":false},"author":0,"featured_media":23416,"menu_order":0,"comment_status":"open","ping_status":"open","template":"","tourinsoft_flux":[572],"tourinsoft_public":[],"tourinsoft_categorie":[],"tourinsoft_categorie_hotel":[],"tourinsoft_categorie_musee":[1367,1366],"tourinsoft_categorie_loisir":[],"tourinsoft_commune_tax":[660],"tourinsoft_services_tax":[],"tourinsoft_secteur_tax":[],"tourinsoft_typeparcour_tax":[],"tourinsoft_typerando_tax":[],"tourinsoft_restoeqpt_tax":[],"tourinsoft_restoferme_tax":[],"tourinsoft_decouverte_tax":[],"class_list":["post-4879","tourinsoft","type-tourinsoft","status-publish","has-post-thumbnail","hentry","tourinsoft_flux-patrimoine-nl","tourinsoft_categorie_musee-musees-et-lieux-de-visites","tourinsoft_categorie_musee-patrimoine-culturel-2","tourinsoft_commune_tax-chevregny-nl"],"acf":[],"_links":{"self":[{"href":"https:\/\/www.tourisme-paysdelaon.com\/nl\/wp-json\/wp\/v2\/tourinsoft\/4879","targetHints":{"allow":["GET"]}}],"collection":[{"href":"https:\/\/www.tourisme-paysdelaon.com\/nl\/wp-json\/wp\/v2\/tourinsoft"}],"about":[{"href":"https:\/\/www.tourisme-paysdelaon.com\/nl\/wp-json\/wp\/v2\/types\/tourinsoft"}],"replies":[{"embeddable":true,"href":"https:\/\/www.tourisme-paysdelaon.com\/nl\/wp-json\/wp\/v2\/comments?post=4879"}],"version-history":[{"count":1,"href":"https:\/\/www.tourisme-paysdelaon.com\/nl\/wp-json\/wp\/v2\/tourinsoft\/4879\/revisions"}],"predecessor-version":[{"id":8940,"href":"https:\/\/www.tourisme-paysdelaon.com\/nl\/wp-json\/wp\/v2\/tourinsoft\/4879\/revisions\/8940"}],"wp:featuredmedia":[{"embeddable":true,"href":"https:\/\/www.tourisme-paysdelaon.com\/nl\/wp-json\/wp\/v2\/media\/23416"}],"wp:attachment":[{"href":"https:\/\/www.tourisme-paysdelaon.com\/nl\/wp-json\/wp\/v2\/media?parent=4879"}],"wp:term":[{"taxonomy":"tourinsoft_flux","embeddable":true,"href":"https:\/\/www.tourisme-paysdelaon.com\/nl\/wp-json\/wp\/v2\/tourinsoft_flux?post=4879"},{"taxonomy":"tourinsoft_public","embeddable":true,"href":"https:\/\/www.tourisme-paysdelaon.com\/nl\/wp-json\/wp\/v2\/tourinsoft_public?post=4879"},{"taxonomy":"tourinsoft_categorie","embeddable":true,"href":"https:\/\/www.tourisme-paysdelaon.com\/nl\/wp-json\/wp\/v2\/tourinsoft_categorie?post=4879"},{"taxonomy":"tourinsoft_categorie_hotel","embeddable":true,"href":"https:\/\/www.tourisme-paysdelaon.com\/nl\/wp-json\/wp\/v2\/tourinsoft_categorie_hotel?post=4879"},{"taxonomy":"tourinsoft_categorie_musee","embeddable":true,"href":"https:\/\/www.tourisme-paysdelaon.com\/nl\/wp-json\/wp\/v2\/tourinsoft_categorie_musee?post=4879"},{"taxonomy":"tourinsoft_categorie_loisir","embeddable":true,"href":"https:\/\/www.tourisme-paysdelaon.com\/nl\/wp-json\/wp\/v2\/tourinsoft_categorie_loisir?post=4879"},{"taxonomy":"tourinsoft_commune_tax","embeddable":true,"href":"https:\/\/www.tourisme-paysdelaon.com\/nl\/wp-json\/wp\/v2\/tourinsoft_commune_tax?post=4879"},{"taxonomy":"tourinsoft_services_tax","embeddable":true,"href":"https:\/\/www.tourisme-paysdelaon.com\/nl\/wp-json\/wp\/v2\/tourinsoft_services_tax?post=4879"},{"taxonomy":"tourinsoft_secteur_tax","embeddable":true,"href":"https:\/\/www.tourisme-paysdelaon.com\/nl\/wp-json\/wp\/v2\/tourinsoft_secteur_tax?post=4879"},{"taxonomy":"tourinsoft_typeparcour_tax","embeddable":true,"href":"https:\/\/www.tourisme-paysdelaon.com\/nl\/wp-json\/wp\/v2\/tourinsoft_typeparcour_tax?post=4879"},{"taxonomy":"tourinsoft_typerando_tax","embeddable":true,"href":"https:\/\/www.tourisme-paysdelaon.com\/nl\/wp-json\/wp\/v2\/tourinsoft_typerando_tax?post=4879"},{"taxonomy":"tourinsoft_restoeqpt_tax","embeddable":true,"href":"https:\/\/www.tourisme-paysdelaon.com\/nl\/wp-json\/wp\/v2\/tourinsoft_restoeqpt_tax?post=4879"},{"taxonomy":"tourinsoft_restoferme_tax","embeddable":true,"href":"https:\/\/www.tourisme-paysdelaon.com\/nl\/wp-json\/wp\/v2\/tourinsoft_restoferme_tax?post=4879"},{"taxonomy":"tourinsoft_decouverte_tax","embeddable":true,"href":"https:\/\/www.tourisme-paysdelaon.com\/nl\/wp-json\/wp\/v2\/tourinsoft_decouverte_tax?post=4879"}],"curies":[{"name":"wp","href":"https:\/\/api.w.org\/{rel}","templated":true}]}}

Musée de l&#8217;école publique de Chevregny

<p>Créé en 1982, le musée de l&#8217;école publique propose à ses visiteurs de revivre l&#8217;école telle qu&#8217;elle était au début du XXe siècle. Une salle de classe est reconstituée avec son tableau noir et ses grandes cartes géographiques de l&#8217;époque, ses livres, ses pupitres en bois dotés d&#8217;encriers dans lesquels les élèves trempaient consciencieusement leur plume&#8230; Des animations audiovisuelles témoignent de l&#8217;atmosphère qui régnait alors. La visite du musée ne s&#8217;arrête pas là, une salle regorgeant de petits trésors vous permettra de découvrir les particularités des maîtres de la République, l&#8217;enseignement moral et civique, ses outils, ses photographies et reproductions d&#8217;époque&#8230; RV donc chaque dimanche (entre avril et octobre) de 15h à 17h !</p>

<p>Créé en 1982, le musée de l&#8217;école publique propose à ses visiteurs de revivre l&#8217;école&#8230;</p>
