{"id":4897,"date":"2026-03-27T03:50:08","date_gmt":"2026-03-27T02:50:08","guid":{"rendered":"https:\/\/www.tourisme-paysdelaon.com\/fiche-tourisme\/eglise-saint-georges-saint-quirin-de-presles-et-thierny\/"},"modified":"2026-03-27T03:50:19","modified_gmt":"2026-03-27T02:50:19","slug":"eglise-saint-georges-saint-quirin-de-presles-et-thierny","status":"publish","type":"tourinsoft","link":"https:\/\/www.tourisme-paysdelaon.com\/nl\/fiche-tourisme\/eglise-saint-georges-saint-quirin-de-presles-et-thierny\/","title":{"rendered":"Eglise Saint-Georges &#038; Saint-Quirin de Presles-et-Thierny"},"content":{"rendered":"<p>Sa construction remonte aux XI et XIIe si\u00e8cles. La nef romane, influenc\u00e9e par le style de l&#8217;Ile-de-France, est d&#8217;une grande sobri\u00e9t\u00e9. A voir au-dessus de l&#8217;acc\u00e8s dans la nef un grand Christ en croix en bois polychrome, mutil\u00e9, datant du XVIe&#8230;Sur l&#8217;abside, on remarque la corniche dite du Laonnois, constitu\u00e9e d&#8217;arcs en mitre.Le porche gothique (datant du XIIe et restaur\u00e9 au XIXe) est lui tout \u00e0 fait remarquable.A noter que l&#8217;\u00e9glise est accessible chaque jour&#8230;<\/p>\n","protected":false},"excerpt":{"rendered":"<p>Sa construction remonte aux XI et XIIe si\u00e8cles. La nef romane, influenc\u00e9e par le style&#8230;<\/p>\n","protected":false},"author":0,"featured_media":23553,"menu_order":0,"comment_status":"open","ping_status":"open","template":"","tourinsoft_flux":[572],"tourinsoft_public":[],"tourinsoft_categorie":[],"tourinsoft_categorie_hotel":[],"tourinsoft_categorie_musee":[1413,1414,1366],"tourinsoft_categorie_loisir":[],"tourinsoft_commune_tax":[872],"tourinsoft_services_tax":[],"tourinsoft_secteur_tax":[],"tourinsoft_typeparcour_tax":[],"tourinsoft_typerando_tax":[],"tourinsoft_restoeqpt_tax":[],"tourinsoft_restoferme_tax":[],"tourinsoft_decouverte_tax":[],"class_list":["post-4897","tourinsoft","type-tourinsoft","status-publish","has-post-thumbnail","hentry","tourinsoft_flux-patrimoine-nl","tourinsoft_categorie_musee-cathedrales-patrimoine-culturel-2","tourinsoft_categorie_musee-eglises-abbayes-patrimoine-culturel-2","tourinsoft_categorie_musee-patrimoine-culturel-2","tourinsoft_commune_tax-presles-et-thierny-nl"],"acf":[],"_links":{"self":[{"href":"https:\/\/www.tourisme-paysdelaon.com\/nl\/wp-json\/wp\/v2\/tourinsoft\/4897","targetHints":{"allow":["GET"]}}],"collection":[{"href":"https:\/\/www.tourisme-paysdelaon.com\/nl\/wp-json\/wp\/v2\/tourinsoft"}],"about":[{"href":"https:\/\/www.tourisme-paysdelaon.com\/nl\/wp-json\/wp\/v2\/types\/tourinsoft"}],"replies":[{"embeddable":true,"href":"https:\/\/www.tourisme-paysdelaon.com\/nl\/wp-json\/wp\/v2\/comments?post=4897"}],"version-history":[{"count":1,"href":"https:\/\/www.tourisme-paysdelaon.com\/nl\/wp-json\/wp\/v2\/tourinsoft\/4897\/revisions"}],"predecessor-version":[{"id":8958,"href":"https:\/\/www.tourisme-paysdelaon.com\/nl\/wp-json\/wp\/v2\/tourinsoft\/4897\/revisions\/8958"}],"wp:featuredmedia":[{"embeddable":true,"href":"https:\/\/www.tourisme-paysdelaon.com\/nl\/wp-json\/wp\/v2\/media\/23553"}],"wp:attachment":[{"href":"https:\/\/www.tourisme-paysdelaon.com\/nl\/wp-json\/wp\/v2\/media?parent=4897"}],"wp:term":[{"taxonomy":"tourinsoft_flux","embeddable":true,"href":"https:\/\/www.tourisme-paysdelaon.com\/nl\/wp-json\/wp\/v2\/tourinsoft_flux?post=4897"},{"taxonomy":"tourinsoft_public","embeddable":true,"href":"https:\/\/www.tourisme-paysdelaon.com\/nl\/wp-json\/wp\/v2\/tourinsoft_public?post=4897"},{"taxonomy":"tourinsoft_categorie","embeddable":true,"href":"https:\/\/www.tourisme-paysdelaon.com\/nl\/wp-json\/wp\/v2\/tourinsoft_categorie?post=4897"},{"taxonomy":"tourinsoft_categorie_hotel","embeddable":true,"href":"https:\/\/www.tourisme-paysdelaon.com\/nl\/wp-json\/wp\/v2\/tourinsoft_categorie_hotel?post=4897"},{"taxonomy":"tourinsoft_categorie_musee","embeddable":true,"href":"https:\/\/www.tourisme-paysdelaon.com\/nl\/wp-json\/wp\/v2\/tourinsoft_categorie_musee?post=4897"},{"taxonomy":"tourinsoft_categorie_loisir","embeddable":true,"href":"https:\/\/www.tourisme-paysdelaon.com\/nl\/wp-json\/wp\/v2\/tourinsoft_categorie_loisir?post=4897"},{"taxonomy":"tourinsoft_commune_tax","embeddable":true,"href":"https:\/\/www.tourisme-paysdelaon.com\/nl\/wp-json\/wp\/v2\/tourinsoft_commune_tax?post=4897"},{"taxonomy":"tourinsoft_services_tax","embeddable":true,"href":"https:\/\/www.tourisme-paysdelaon.com\/nl\/wp-json\/wp\/v2\/tourinsoft_services_tax?post=4897"},{"taxonomy":"tourinsoft_secteur_tax","embeddable":true,"href":"https:\/\/www.tourisme-paysdelaon.com\/nl\/wp-json\/wp\/v2\/tourinsoft_secteur_tax?post=4897"},{"taxonomy":"tourinsoft_typeparcour_tax","embeddable":true,"href":"https:\/\/www.tourisme-paysdelaon.com\/nl\/wp-json\/wp\/v2\/tourinsoft_typeparcour_tax?post=4897"},{"taxonomy":"tourinsoft_typerando_tax","embeddable":true,"href":"https:\/\/www.tourisme-paysdelaon.com\/nl\/wp-json\/wp\/v2\/tourinsoft_typerando_tax?post=4897"},{"taxonomy":"tourinsoft_restoeqpt_tax","embeddable":true,"href":"https:\/\/www.tourisme-paysdelaon.com\/nl\/wp-json\/wp\/v2\/tourinsoft_restoeqpt_tax?post=4897"},{"taxonomy":"tourinsoft_restoferme_tax","embeddable":true,"href":"https:\/\/www.tourisme-paysdelaon.com\/nl\/wp-json\/wp\/v2\/tourinsoft_restoferme_tax?post=4897"},{"taxonomy":"tourinsoft_decouverte_tax","embeddable":true,"href":"https:\/\/www.tourisme-paysdelaon.com\/nl\/wp-json\/wp\/v2\/tourinsoft_decouverte_tax?post=4897"}],"curies":[{"name":"wp","href":"https:\/\/api.w.org\/{rel}","templated":true}]}}

<p>Sa construction remonte aux XI et XIIe siècles. La nef romane, influencée par le style de l&#8217;Ile-de-France, est d&#8217;une grande sobriété. A voir au-dessus de l&#8217;accès dans la nef un grand Christ en croix en bois polychrome, mutilé, datant du XVIe&#8230;Sur l&#8217;abside, on remarque la corniche dite du Laonnois, constituée d&#8217;arcs en mitre.Le porche gothique (datant du XIIe et restauré au XIXe) est lui tout à fait remarquable.A noter que l&#8217;église est accessible chaque jour&#8230;</p>

<p>Sa construction remonte aux XI et XIIe siècles. La nef romane, influencée par le style&#8230;</p>
