{"id":4945,"date":"2026-03-28T03:50:36","date_gmt":"2026-03-28T02:50:36","guid":{"rendered":"https:\/\/www.tourisme-paysdelaon.com\/fiche-tourisme\/la-cote-108-de-berry-au-bac\/"},"modified":"2026-03-28T03:50:38","modified_gmt":"2026-03-28T02:50:38","slug":"la-cote-108-de-berry-au-bac","status":"publish","type":"tourinsoft","link":"https:\/\/www.tourisme-paysdelaon.com\/nl\/fiche-tourisme\/la-cote-108-de-berry-au-bac\/","title":{"rendered":"La Cote 108 de Berry-au-Bac"},"content":{"rendered":"<p>La cote 108 est en fait le nom donn\u00e9 \u00e0 la localit\u00e9 de Berry-au-Bac en septembre 1914, terme militaire signifiant le c\u00f4t\u00e9 strat\u00e9gique de cette ligne de front, observatoire id\u00e9al pour les forces en pr\u00e9sence. Ce lieu est indissociable de la terrible guerre des mines qui eut lieu durant le conflit, consistant \u00e0 creuser des galeries sous les lignes ennemies afin de les faire exploser. L&#8217;\u00e9v\u00e9nement eut lieu le 23 juin 1915, 5 tonnes d&#8217;explosifs dispos\u00e9s en profondeur causant l&#8217;explosion de ce monticule, remplac\u00e9 par un entonnoir de 40 m\u00e8tres de diam\u00e8tre&#8230; Lieu m\u00e9connu et tomb\u00e9 dans l&#8217;oubli, il fait l&#8217;objet depuis peu d&#8217;un nouvel \u00e9clairage initi\u00e9 par une \u00e9quipe de chercheurs franco-allemands. Attention, \u00e0 noter que ce site n&#8217;est accessible qu&#8217;en suivant les visites guid\u00e9es de la Caverne du Dragon qui organise p\u00e9riodiquement au fil de l&#8217;ann\u00e9e (renseignements via www.chemindesdames.fr)<\/p>\n","protected":false},"excerpt":{"rendered":"<p>La cote 108 est en fait le nom donn\u00e9 \u00e0 la localit\u00e9 de Berry-au-Bac en&#8230;<\/p>\n","protected":false},"author":0,"featured_media":32798,"menu_order":0,"comment_status":"open","ping_status":"open","template":"","tourinsoft_flux":[572],"tourinsoft_public":[],"tourinsoft_categorie":[],"tourinsoft_categorie_hotel":[],"tourinsoft_categorie_musee":[1383,1366],"tourinsoft_categorie_loisir":[],"tourinsoft_commune_tax":[636],"tourinsoft_services_tax":[],"tourinsoft_secteur_tax":[],"tourinsoft_typeparcour_tax":[],"tourinsoft_typerando_tax":[],"tourinsoft_restoeqpt_tax":[],"tourinsoft_restoferme_tax":[],"tourinsoft_decouverte_tax":[],"class_list":["post-4945","tourinsoft","type-tourinsoft","status-publish","has-post-thumbnail","hentry","tourinsoft_flux-patrimoine-nl","tourinsoft_categorie_musee-lieux-de-memoire","tourinsoft_categorie_musee-patrimoine-culturel-2","tourinsoft_commune_tax-berry-au-bac-nl"],"acf":[],"_links":{"self":[{"href":"https:\/\/www.tourisme-paysdelaon.com\/nl\/wp-json\/wp\/v2\/tourinsoft\/4945","targetHints":{"allow":["GET"]}}],"collection":[{"href":"https:\/\/www.tourisme-paysdelaon.com\/nl\/wp-json\/wp\/v2\/tourinsoft"}],"about":[{"href":"https:\/\/www.tourisme-paysdelaon.com\/nl\/wp-json\/wp\/v2\/types\/tourinsoft"}],"replies":[{"embeddable":true,"href":"https:\/\/www.tourisme-paysdelaon.com\/nl\/wp-json\/wp\/v2\/comments?post=4945"}],"version-history":[{"count":2,"href":"https:\/\/www.tourisme-paysdelaon.com\/nl\/wp-json\/wp\/v2\/tourinsoft\/4945\/revisions"}],"predecessor-version":[{"id":32797,"href":"https:\/\/www.tourisme-paysdelaon.com\/nl\/wp-json\/wp\/v2\/tourinsoft\/4945\/revisions\/32797"}],"wp:featuredmedia":[{"embeddable":true,"href":"https:\/\/www.tourisme-paysdelaon.com\/nl\/wp-json\/wp\/v2\/media\/32798"}],"wp:attachment":[{"href":"https:\/\/www.tourisme-paysdelaon.com\/nl\/wp-json\/wp\/v2\/media?parent=4945"}],"wp:term":[{"taxonomy":"tourinsoft_flux","embeddable":true,"href":"https:\/\/www.tourisme-paysdelaon.com\/nl\/wp-json\/wp\/v2\/tourinsoft_flux?post=4945"},{"taxonomy":"tourinsoft_public","embeddable":true,"href":"https:\/\/www.tourisme-paysdelaon.com\/nl\/wp-json\/wp\/v2\/tourinsoft_public?post=4945"},{"taxonomy":"tourinsoft_categorie","embeddable":true,"href":"https:\/\/www.tourisme-paysdelaon.com\/nl\/wp-json\/wp\/v2\/tourinsoft_categorie?post=4945"},{"taxonomy":"tourinsoft_categorie_hotel","embeddable":true,"href":"https:\/\/www.tourisme-paysdelaon.com\/nl\/wp-json\/wp\/v2\/tourinsoft_categorie_hotel?post=4945"},{"taxonomy":"tourinsoft_categorie_musee","embeddable":true,"href":"https:\/\/www.tourisme-paysdelaon.com\/nl\/wp-json\/wp\/v2\/tourinsoft_categorie_musee?post=4945"},{"taxonomy":"tourinsoft_categorie_loisir","embeddable":true,"href":"https:\/\/www.tourisme-paysdelaon.com\/nl\/wp-json\/wp\/v2\/tourinsoft_categorie_loisir?post=4945"},{"taxonomy":"tourinsoft_commune_tax","embeddable":true,"href":"https:\/\/www.tourisme-paysdelaon.com\/nl\/wp-json\/wp\/v2\/tourinsoft_commune_tax?post=4945"},{"taxonomy":"tourinsoft_services_tax","embeddable":true,"href":"https:\/\/www.tourisme-paysdelaon.com\/nl\/wp-json\/wp\/v2\/tourinsoft_services_tax?post=4945"},{"taxonomy":"tourinsoft_secteur_tax","embeddable":true,"href":"https:\/\/www.tourisme-paysdelaon.com\/nl\/wp-json\/wp\/v2\/tourinsoft_secteur_tax?post=4945"},{"taxonomy":"tourinsoft_typeparcour_tax","embeddable":true,"href":"https:\/\/www.tourisme-paysdelaon.com\/nl\/wp-json\/wp\/v2\/tourinsoft_typeparcour_tax?post=4945"},{"taxonomy":"tourinsoft_typerando_tax","embeddable":true,"href":"https:\/\/www.tourisme-paysdelaon.com\/nl\/wp-json\/wp\/v2\/tourinsoft_typerando_tax?post=4945"},{"taxonomy":"tourinsoft_restoeqpt_tax","embeddable":true,"href":"https:\/\/www.tourisme-paysdelaon.com\/nl\/wp-json\/wp\/v2\/tourinsoft_restoeqpt_tax?post=4945"},{"taxonomy":"tourinsoft_restoferme_tax","embeddable":true,"href":"https:\/\/www.tourisme-paysdelaon.com\/nl\/wp-json\/wp\/v2\/tourinsoft_restoferme_tax?post=4945"},{"taxonomy":"tourinsoft_decouverte_tax","embeddable":true,"href":"https:\/\/www.tourisme-paysdelaon.com\/nl\/wp-json\/wp\/v2\/tourinsoft_decouverte_tax?post=4945"}],"curies":[{"name":"wp","href":"https:\/\/api.w.org\/{rel}","templated":true}]}}

<p>La cote 108 est en fait le nom donné à la localité de Berry-au-Bac en septembre 1914, terme militaire signifiant le côté stratégique de cette ligne de front, observatoire idéal pour les forces en présence. Ce lieu est indissociable de la terrible guerre des mines qui eut lieu durant le conflit, consistant à creuser des galeries sous les lignes ennemies afin de les faire exploser. L&#8217;événement eut lieu le 23 juin 1915, 5 tonnes d&#8217;explosifs disposés en profondeur causant l&#8217;explosion de ce monticule, remplacé par un entonnoir de 40 mètres de diamètre&#8230; Lieu méconnu et tombé dans l&#8217;oubli, il fait l&#8217;objet depuis peu d&#8217;un nouvel éclairage initié par une équipe de chercheurs franco-allemands. Attention, à noter que ce site n&#8217;est accessible qu&#8217;en suivant les visites guidées de la Caverne du Dragon qui organise périodiquement au fil de l&#8217;année (renseignements via www.chemindesdames.fr)</p>

<p>La cote 108 est en fait le nom donné à la localité de Berry-au-Bac en&#8230;</p>
